st common divisor of 5346 and r.
22
Let d(p) = -p**3 - 4*p**2 + 4*p + 2. Let j be d(-4). Let f(i) = i**3 + 15*i**2 + 14*i + 14. Let n be f(j). What is the greatest common divisor of n and 4?
2
Let v = -11143 - -12593. Calculate the greatest common divisor of v and 50.
50
Suppose -4*g + 8 + 0 = 0. Suppose h = g*o + 10, 4*h + 0*h + 4*o = 16. Suppose -713*f + 354*f + 240 = -354*f. What is the highest common factor of f and h?
6
Suppose -362*u + 373*u = 8536. Calculate the highest common divisor of 64 and u.
8
Let z(o) = -9*o + 14. Suppose 4 = -m - 4*x + 6*x, 0 = 4*m - 5*x + 13. Let c be z(m). Calculate the highest common factor of 56 and c.
8
Let c(t) = -61*t - 9. Let a be c(-9). Calculate the greatest common factor of a and 63.
9
Let o(r) = r - 4. Let z(d) = -3*d + 134. Let x(s) = 4*o(s) - z(s). Let y be x(30). Let p be (40/(-1))/(3/(-9)). Calculate the highest common factor of y and p.
60
Let w(s) = 28*s**2 + s + 1. Let a be w(1). Let o(j) = -4*j + 28. Let y be o(-18). What is the greatest common divisor of a and y?
10
Suppose 1118 = -6*d - 1942. Let z = d + 584. What is the greatest common divisor of 333 and z?
37
Suppose -10 - 44 = -3*q. Let n be 356 - 1 - ((-15)/5 - -7). Let j = 353 - n. What is the greatest common divisor of j and q?
2
Suppose -274 = -7*n - 43. Let u be (4/6)/(((-38)/n)/(-19)). Calculate the highest common divisor of 88 and u.
11
Suppose -86*m + 24314 + 29264 = 0. Calculate the greatest common divisor of m and 7.
7
Suppose -7*o + 11*o = 780. Suppose -o = -5*h - 40. Suppose 3*g + 4*x = h, 2*g = g + 2*x + 7. Calculate the highest common divisor of g and 45.
9
Let x(b) = -7*b + 80. Let w be x(11). Let y be w/(-5*1/(-45)). Calculate the greatest common divisor of 3 and y.
3
Suppose 396 = 4*b + 52. Let o = b + -75. Suppose o = 4*r + 3. Calculate the greatest common divisor of r and 20.
2
Let a(x) = -x**2 + 24*x + 65. Let u(j) = 3*j**2 - 47*j - 131. Let l(d) = -5*a(d) - 2*u(d). Let r be l(-7). Calculate the greatest common divisor of 30 and r.
10
Let m = -850 + 893. Let r = 80 + -40. Let c = m - r. What is the greatest common divisor of 21 and c?
3
Let h be (-1)/(-1)*(10 - 540/(-12)). Suppose -5*j + 3*j + 10 = 0, -15 = -4*p + j. What is the highest common factor of p and h?
5
Let k = -697 + 530. Let n = k - -176. What is the highest common factor of n and 6?
3
Let r(t) = -11*t - 3. Let j be r(3). Let q = j + 27. Let l = q - -24. Calculate the highest common factor of l and 45.
15
Let k be 49/7 - (0 + -1). Let s = k - 8. Suppose -4*p = 20, 0 = 5*g - s*g + 5*p - 635. What is the highest common factor of g and 33?
33
Let z(o) = -383*o + 1061. Let g be z(-11). What is the highest common divisor of 36 and g?
18
Let d = 927 + -331. Calculate the greatest common factor of d and 1639.
149
Let w be (8140/14)/(38/133). What is the highest common divisor of w and 11?
11
Let n = 5789 - 1521. Calculate the highest common factor of 55 and n.
11
Let u = -937 + 446. Let v = u + 498. Let p(r) = 91*r. Let z be p(1). Calculate the greatest common divisor of z and v.
7
Let a be 1428/13 + (-6)/39*-1. Suppose 99 - 9 = -5*o. Let m = o + 28. Calculate the highest common factor of a and m.
10
Let n = -54 - -58. Let q(x) = x**2 - 11*x - 4. Let h be q(13). Let t be (-4)/h - (n + 158/(-22)). Calculate the highest common divisor of 24 and t.
3
Let t(k) = -k**2 - 32*k + 224. Let u be t(-37). Let f = 220 + -142. Suppose -f = -5*q + 2*q. Calculate the highest common factor of q and u.
13
Suppose 371750 = 570*n + 128930. What is the highest common factor of n and 24?
6
Let c(l) = l**2 + 82*l + 900. Let d be c(-12). Calculate the greatest common factor of d and 9.
3
Let c be 12/(1/(-4)*(-31 + 15)/48). Suppose 0 = 2*a + 4*k - 48, 5*a + 3*k = -2*k + 140. Calculate the highest common divisor of a and c.
16
Let b = 829 - 520. Suppose -7*q = b - 2829. Calculate the highest common factor of q and 45.
45
Let u = 224 + 21. Let d = -2652 - -2701. What is the greatest common factor of u and d?
49
Suppose -13*c = -1587 - 1728. Suppose -v + c - 174 = 0. Calculate the highest common divisor of 54 and v.
27
Suppose 27*w - 30*w = 0. Suppose a - 3*f - 35 - 7 = 0, w = -2*f. Let g be ((-56)/(-12))/((-2)/(-3)). What is the highest common divisor of g and a?
7
Suppose -2*d - 3*c + 4*c = -19, -4*c - 4 = d. Let v = 60 + -49. Let z = -7 + v. What is the highest common divisor of d and z?
4
Let r = 7 - 4. Suppose 2*s - 1 = 4*f - 9, -3*s = -r*f + 6. Suppose b - 12*b + 462 = s. Calculate the greatest common divisor of 6 and b.
6
Let g(j) = -32*j**2 - 4*j - 13. Let f be g(-2). Let d = f - -155. Calculate the greatest common divisor of 198 and d.
22
Suppose -9*o + 47 = -4*o + m, -m + 2 = 0. Let u be (-621)/46*(-4)/o. Calculate the greatest common factor of u and 2.
2
Suppose 4965 = 13*d - 10999. Suppose 5*n - d = 3*a, 0*a + 984 = 4*n - 2*a. Let p = 52 + n. Calculate the greatest common divisor of p and 30.
30
Suppose -16*p = -4*w - 18*p + 2536, w - p - 640 = 0. Let l = w + -612. Calculate the greatest common divisor of 324 and l.
12
Let p(t) = -111*t**3 + 2*t**2 - 1. Let s = -177 + 176. Let z be p(s). What is the greatest common factor of z and 160?
16
Suppose -365*r + 6441 = -4093 + 1409. What is the highest common divisor of 695 and r?
5
Suppose -18407 - 7137 = -31*b. Suppose -2*p = 686 - b. Calculate the highest common divisor of p and 3.
3
Suppose 2*k = k + 207. Let d be (-8)/12*(-3)/2*5. Suppose 3*w - 154 = 2*s - 81, -d*w + 105 = 5*s. What is the greatest common factor of k and w?
23
Let g(k) = 3*k**3 + 69*k**2 - 74*k - 47. Let f be g(-24). Let j = 15 - 15. Let z = j + 1. What is the greatest common divisor of z and f?
1
Let k(d) = -5 + 2 - 1 + 2 + 3*d. Let o be k(0). Let h be -1*2 + o + 10. What is the highest common divisor of h and 2?
2
Let n be 524*(-6)/120*-15. Suppose -n = 3*s - 459. What is the highest common factor of s and 242?
22
Let y = -2 + 5. Let s be 650/y - 6/9. Let g(q) = -2*q**2 - 53*q - 191. Let b be g(-5). What is the greatest common factor of s and b?
24
Let o(j) = 217*j**3 - 14*j**2 - 2*j - 27. Let g be o(4). Calculate the greatest common divisor of g and 63.
21
Let s = 273 + -209. Let r be -4 + s/(-20)*(-465)/6. Calculate the greatest common factor of r and 4.
4
Suppose -c - t - 4 = 0, 2*c + t + 0 = -3. Let k(m) = 21*m**3 - 3*m**2 + 3*m - 1. Let b be k(c). Calculate the highest common divisor of b and 5.
5
Let u be ((-2)/(20/18))/((-1)/15). Let q be 299 + (847/(-11))/7. What is the greatest common divisor of u and q?
9
Let c = 3604 - 3546. Calculate the greatest common divisor of 26 and c.
2
Let z(y) = -y**3 - 18*y**2 - 18*y - 24. Let h be z(-17). Let f be h + (-1494)/(-27) - (-2)/(-6). Calculate the highest common divisor of f and 432.
48
Suppose -22*u + 672 + 2232 = 0. What is the highest common divisor of 5676 and u?
132
Let f = 46 - 43. Let s(o) = -o**3 + o**2 + 3*o - 5. Let w be s(f). Let a = 18 - w. What is the highest common divisor of 80 and a?
16
Let q(d) = 4*d - 93. Let l be q(22). Let u be ((-966)/l)/(34/85). What is the greatest common divisor of 21 and u?
21
Let u = 5518 - 4918. What is the highest common divisor of 30 and u?
30
Let o be 7/2*(3 - -1). Suppose -5*k - 82 = -34*r + 32*r, k = 3*r - 162. What is the greatest common factor of o and r?
14
Let s(j) = 405*j + 6965. Let m be s(-17). Calculate the highest common divisor of 360 and m.
40
Suppose -5*i + 49 = 2*x, 4*i = -9*x + 4*x + 97. Suppose -52*w + 50*w + t + 71 = 0, -5*w + 5*t = -185. Calculate the greatest common factor of x and w.
17
Let c be -4 - (-32 - 14/(-7)). Suppose 4*l - 42 = c. Let a be 0/3 - -17*1. What is the greatest common factor of l and a?
17
Let z be 4/32*-2 + 8067/12. Suppose 0 = -a + z - 64. What is the highest common divisor of a and 38?
38
Let t be 8 + ((-310)/40 - 0) + 158814/8. What is the greatest common divisor of t and 14?
14
Suppose 5*p = -4*q + 180, -4*p = -7*q + 103 + 161. Let l = -14 + 24. What is the greatest common divisor of l and q?
10
Let u = -11215 + 12003. What is the greatest common divisor of 7289 and u?
197
Suppose 11*a + 32 = 10. Let q(j) = 24*j**2 + 3*j + 1. Let x be q(a). Let c(h) = -h + 2. Let v be c(-11). What is the greatest common factor of x and v?
13
Suppose -4*y = -4*k + 2448, 0*k = 3*k + 2*y - 1811. Let l = -597 + k. Calculate the highest